. Let a(g) = n*g**2 - 5*g**2 - g**3 - 5*g + 2*g + 0 + 2. Calculate a(-5).
17
Let j(f) = f**3 - 6*f**2 - 8*f + 3. Suppose -4*t = p + 9, -3*p + 4*p - 7 = 4*t. Let v be (3*(-21)/9)/p. Calculate j(v).
-4
Let u(q) = 7*q. Let j(f) = f**2 - 2*f - 33. Let x be j(-11). Let b = x - 108. Determine u(b).
14
Let b(s) be the first derivative of -1/3*s**3 - 37 + 6*s - 2*s**2. Let f be 4/(-2) - (4 - 0/(-2)). Give b(f).
-6
Let o(n) = n**2 + 3*n + 2. Let c be o(-5). Let g = c + -18. Let m be (-2)/g + (-4)/((-48)/20). Let y(x) = x**3 - x**2 - 2*x + 2. Determine y(m).
2
Let f(o) be the first derivative of -o**2/2 - 10*o + 249. Give f(3).
-13
Let n(b) = b**2 - 16*b - 2342. Let l be n(-41). Let o(z) = -3*z - 3. Determine o(l).
12
Let k(o) be the third derivative of -o**4/3 - 13*o**3 + 4471*o**2. Give k(-10).
2
Let n(i) be the second derivative of -i**4/12 + 5*i**3/6 - i**2 + 719*i - 1. Determine n(3).
4
Let i(s) = -2*s**2 + 2*s - 2. Suppose 0 = -4*q + 3*c - 2*c + 10, -c = 2*q - 2. Determine i(q).
-6
Let x(i) = -7*i**2 - 15*i + 22. Let m(b) = 10*b**2 + 16*b - 29. Let f(o) = -2*m(o) - 3*x(o). Suppose -4*d - 68 = d + v, -3*v + 30 = -3*d. Determine f(d).
-8
Let a(y) = 152*y + 98. Let u(b) = 91*b + 49. Let v(w) = -3*a(w) + 5*u(w). Calculate v(-25).
-24
Let v(a) = a**2 - 4*a + 1. Suppose -w = 3*h + 500, -496 = 8*h - 5*h - w. Let r = h - -170. Calculate v(r).
1
Let x(p) be the third derivative of 0 - 1/12*p**4 - 1/12*p**5 + 5*p**2 + 1/6*p**3 + 0*p. Let q = 150 - 149. Calculate x(q).
-6
Let f(i) = i + 2. Suppose -4*j + 8 = 36. Let o(u) = -u**2 - 11*u - 30. Let y be o(j). Let v(r) = r**3 + 4*r**2 + r - 2. Let p be v(y). Determine f(p).
6
Let w(s) = -s**2 - 7*s + 13. Suppose -31*q - 421 - 123 = 37*q. Give w(q).
5
Let o(m) be the first derivative of m**3/3 + 7*m**2/2 - 17*m - 44. Determine o(-11).
27
Let p(v) = -v**3 - 8*v**2 - 8*v + 3. Let l(y) = -4*y - 12. Let k be l(-4). Let o = 18 + k. Let w = o - 29. What is p(w)?
10
Let j(a) = -a**2 + 6*a. Let m(s) = 4*s**2 + 72*s + 4. Let u be m(-18). Let l be (u - 31)*12/(-54). Determine j(l).
0
Let g(y) = -y**3 + 7*y**2 - 6*y + 4. Let l(a) = -a**3 - 18*a**2 + 23*a + 81. Let m be l(-19). Suppose -3*x + 18 = m*n, -3*x - 28*n = -33*n - 18. Give g(x).
4
Let d be 936/52*8/12. Let o(g) = -9*g + 95. Give o(d).
-13
Let w(m) be the first derivative of m**2 - 2*m + 1. Suppose 15 = 5*d, -4*d - 10 = -4*j - 58. What is w(j)?
-20
Suppose -2*b + 5*f + 22 = 0, 0 = -0*b + b + 3*f + 11. Let q = 3 - b. Suppose 2*x = q*u + 6, -x - 1 = -2. Let s(y) = y**2 - 2*y - 3. Determine s(u).
5
Let a be (-16)/(-40) + -2 + 1006/10. Let n(k) = -1 + 201*k - a*k - 101*k. Determine n(0).
-1
Let p(f) = -f**2 + 37*f - 2 - 31*f + 1. Suppose -5 = -4*i + 5*l, -4*i - 6 = -7*i + 3*l. What is p(i)?
4
Let x(g) = g**2 + 3*g - 5. Let w be x(-4). Let o(q) be the third derivative of 1/6*q**3 + 0 + 1/6*q**4 + 0*q - 2*q**2. Calculate o(w).
-3
Let q = 7623 + -7607. Let f(j) be the second derivative of q*j + 0 + 5*j**2 + 1/2*j**3. What is f(-7)?
-11
Suppose 0 = -s - 0*s - 4, -3*z = -5*s - 20. Let v(p) = z*p**2 - 5*p - 8 + 5*p**2 - 2*p + p**3 + 0*p. Suppose -75*x + 0*x = 450. Determine v(x).
-2
Let q(i) = -47*i**2 - i + 2. Let n(z) = -z**2 - 30*z + 452. Let k be n(11). What is q(k)?
-46
Let d = 2086 + -2082. Let v(h) = 4*h - 11. Give v(d).
5
Let o = -159 + 163. Suppose -4 = -o*c - 2*g, -g = -4*c + 2*g + 24. Let z(k) = -k**2 - 2*k + 4. Give z(c).
-11
Let g(c) = 3*c**2 + 24*c + 41. Suppose 0 = 19*b + 35 + 3. Give g(b).
5
Suppose -3 = -2*l + 3*l. Let r(y) = 11*y + 21*y - 4 - 31*y + 6. What is r(l)?
-1
Let i(u) = -40*u**3 - 4*u - 6. Let r(j) = -2*j**3 - j**2 + 1. Let v(y) = i(y) + 3*r(y). Calculate v(-1).
44
Let k(s) = 10. Let z(g) = -25*g + 112. Let q(r) = 4*k(r) - z(r). Determine q(3).
3
Let a(o) = 16*o**2 + 0*o**2 + 3*o**2 + 2*o - 23*o**2 - 8*o**2 - 3. Suppose 3*z - 3*y - 11 = 2*y, -y = 1. Give a(z).
-47
Let p = 1016 - 1017. Let d(f) = 21*f**2 - 4 + 8*f**2 + 5. Give d(p).
30
Let i(y) be the third derivative of 0*y + 1/120*y**5 + 0*y**4 + 0 + 5/2*y**3 - 1/72*y**6 - 24*y**2. Let s(o) be the first derivative of i(o). Give s(-1).
-6
Let p be -9*(-18)/(-162)*18. Let b(f) = -f - 14. Calculate b(p).
4
Suppose c = -3*c - 16. Let h be (91/(-26))/((-3)/6). Let x(k) = -h*k**2 + 11*k**2 - 2 + 5*k**3 - 2*k**3 - k - 2*k**3. Give x(c).
2
Let a(x) be the second derivative of -11*x**3/6 - x**2/2 + x. Let c be (2/4 + -2)*(-44)/(-66). What is a(c)?
10
Let a be 16/24 - 7/(-3). Let m(x) = 4*x + a*x + 2 - 4*x. Let y be (37/(8547/126))/((-2)/(-22) - 0). What is m(y)?
20
Let i(q) be the second derivative of 0 + 7/6*q**3 - 3*q**2 + 1/12*q**4 + 67*q. Determine i(-10).
24
Let o(x) = 5*x**2 - 7*x + 7. Let k(f) = 313*f + 2505. Let p be k(-8). Calculate o(p).
5
Let l(y) = 11*y**3 + 57*y**2 + 83*y + 86. Let i(s) = 5*s**3 + 28*s**2 + 40*s + 43. Let k(o) = 13*i(o) - 6*l(o). What is k(23)?
20
Suppose 10 = -l + 15. Suppose 4*q + l*s - 6 = 0, 3*s + 0 + 6 = 0. Let v(d) = 12*d + 27. Let w(z) = z + 2. Let h(c) = -2*v(c) + 27*w(c). Determine h(q).
12
Let d(l) be the first derivative of -l**5/30 + l**4/12 - l**3/3 - l**2 + 32*l + 25. Let q(w) be the second derivative of d(w). Calculate q(4).
-26
Let m(w) = -w**3 - 10*w**2 + 11*w - 11. Let f(s) = s**3 - s - 1. Let o(r) = -2*f(r) - m(r). Suppose -24*d = -271 + 55. Determine o(d).
13
Let j be ((6/15)/((-8)/60))/((-6)/(-22)). Let u(p) = -p**2 - 7*p - 1. Determine u(j).
-45
Let f be (-18)/36*(-90)/(-15). Let i(d) = -2*d**2 - 15*d - 19. Determine i(f).
8
Let i(c) = 0*c + 5*c**2 - 1 + 0*c. Suppose -334 + 1258 = -4*j. Let y = -232 - j. Determine i(y).
4
Let h be 6*25/(-60) + 2/(-4). Let n(g) = -3*g - 18. Determine n(h).
-9
Let i(f) be the third derivative of f**6/120 - f**5/15 - 13*f**4/12 + 67*f**3/6 - 289*f**2 + 2*f + 6. Give i(6).
-17
Let c(w) be the third derivative of 0 + 37*w + 1/3*w**3 + 1/120*w**6 + 4*w**2 - 1/15*w**5 - 1/2*w**4. Calculate c(6).
2
Let m = -1164 + 1168. Let s(o) = 24*o - 6. Determine s(m).
90
Suppose 0*h + 3*h = -111. Let y = h + 37. Let l(t) = -6*t + 4*t + t**2 - 5*t**3 + y*t**2 + 3*t - 1. Determine l(1).
-4
Let z(q) = 22*q**3 - 2*q**2 + 1. Suppose 14 = r - 3*i, 3*r - 4*i - 36 = -14. Suppose f + 7*w = 4*w + 7, -5*f - r*w = -9. Calculate z(f).
21
Let f(q) be the first derivative of q**2/2 - 93986. Let b = -1 - -3. What is f(b)?
2
Suppose 3*u + 122 - 125 = 0. Let b(d) = -22*d - 22*d - 13 + 46*d - u - 25. Determine b(21).
3
Let z(t) be the second derivative of -3*t**5/20 - 5*t**4/12 - t**3/2 - t**2/2 - 1290*t. Give z(-3).
44
Let p be -1 + -2 + (7 - 2). Let d be (p + -1)/(2/22). Let f(n) = -n**2 + 12*n - 6. Determine f(d).
5
Let x(c) = -39*c**2 + 38*c + 2773646*c**3 - 21 - 2773647*c**3 - 52. What is x(-40)?
7
Let c = 3893 + -3895. Let v(m) = -2*m**2 + 3*m + 2. Determine v(c).
-12
Let k(y) be the second derivative of y**4/8 - y**3 + 7*y**2/2 + 154*y. Let r(t) be the first derivative of k(t). Give r(10).
24
Let z = -4899 - -4896. Let o(r) = -4*r**2 - 5*r - 6. What is o(z)?
-27
Suppose 4*f - 332 = 4*c, 4*c + 395 - 81 = -5*f. Let l = 85 + c. Let r(y) = 4*y**2 - y**2 - l*y**2 + 9*y - 7. Calculate r(7).
7
Let x be 220/(-11) + 59 - 13. Let y(w) = -w + 73. What is y(x)?
47
Suppose 7*v + 819 = 861. Let q = 10 - 7. Let h(r) = 7*r + 2 + 5*r**2 - 4 + 3*r**3 - r**3 - q*r**3. What is h(v)?
4
Suppose 0 = 2*b - u + 20, -28*b + 23*b - 3*u - 39 = 0. Let t(s) be the first derivative of s**4/4 + 8*s**3/3 - 5*s**2 - 5*s - 5. Calculate t(b).
4
Let j(x) = -108*x - 184. Let r(n) = 54*n + 82. Let a(m) = -4*j(m) - 9*r(m). Determine a(1).
-56
Let x(b) = 17*b - 1. Let g = -42 + 42. Suppose g = 19*u - 14 - 5. Determine x(u).
16
Let l(r) be the second derivative of -r**4/12 + 5*r**2 + r. Suppose -2*j - 104 = 1798. Let c = j + 951. What is l(c)?
10
Let j(h) be the second derivative of -29*h**3/3 - 118*h**2 + 3318*h. Give j(-4).
-4
Let z(w) = 13*w**3 + w**2. Let v(n) = 11*n - 14*n + 3*n + n**3. Let m(b) = 3*v(b) - z(b). Give m(1).
-11
Let i(r) = -46 + 28 - 5*r - 12 - 10*r - 27. Calculate i(-4).
3
Let r(m) = -1603*m + 1599. Let z be r(1). Let b(j) = -69*j - 280. What is b(z)?
-4
Let b(t) = 6*t**2 + t + 0 + 1 - 2*t**2. Let z(c) = -2*c**3 - 2*c**2 - 4*c - 1. Let i be z(-2). Let a be (3 + -2 + 0)/(14 - i). Calculate b(a).
4
Let s(j) = -j**3 + j**2 + 4*j + 2. Suppose -2*g + 5*v + 33 = 0, 35*v - 11